10
Let b = -18 - -21. Suppose -b = 2*z - 11. Let p(h) = -h**3 + 4*h**2 + 5*h - 6. Give p(z).
14
Let q(l) = 4*l + 7*l**2 - 2*l - 11459 + l**3 + 11468 + l**2. What is q(-8)?
-7
Let u(k) = -3*k - 5. Let m = 31 + -26. Suppose 0*d + m*d = 5*h - 10, -5*d - 2*h = 45. What is u(d)?
16
Let w(j) = 147*j**2 + 2*j + 0 - 148*j**2 - 1 - 6*j**3. Calculate w(1).
-6
Let s be 1/(-3 + 20/6). Suppose s*g - 5 - 22 = 0. Let r(f) = f - f + g*f**2 - 1 + 2. What is r(1)?
10
Let l(y) = y**2 - 12*y + 20. Let u be l(9). Let q(a) = -6*a + a**2 + 0*a**2 + 12*a - 3. Calculate q(u).
4
Suppose -8*c - 7*c + 30 = 0. Let l(o) = o**2 + o - 1. Let b(f) = 2*f**2 + 3*f - 2. Let m(s) = -2*b(s) + 5*l(s). Give m(c).
1
Let v = -22 + 30. Let a(t) = t. Let k(i) = 5*i + 8. Let h(d) = 6*a(d) - k(d). Determine h(v).
0
Let f be (3/6)/(2/12). Suppose j + 4*d = -f*j + 12, -3*j + d + 5 = 0. Let g(l) = -4*l - 1 + 5 + j*l. Determine g(3).
-2
Suppose -2*b - 6 = -g, -b = 2*b + 6. Let a(i) = -11*i**3 + 21*i**3 - 16*i**3 - 2*i + 2*i**g + 1. Suppose -7*n + 10 = 3. Give a(n).
-5
Let q = -4 + 3. Suppose -3*x = i - 7 - 0, -2*x - 3*i = 0. Let w(g) = x*g + 32 + 31 - 64. Calculate w(q).
-4
Let j(p) be the second derivative of p**5/20 + 5*p**4/12 - 5*p**3/6 - p**2/2 - p + 10. Calculate j(-6).
-7
Let m(h) be the second derivative of -h**5/20 + h**4 + h**3/6 - 5*h**2 - 2*h + 3. Give m(12).
2
Let l(n) = n**3 + 4*n**2 + 2*n + 5. Let j = 31 + -31. Suppose -b = -a + 2*a + 9, 4*a + 20 = j. Determine l(b).
-3
Let g(v) = 5*v + 4. Let q be g(-6). Let u = -10 - q. Suppose -5*a + w - 2 = -1, 4*w = -u. Let t(l) = -2*l. What is t(a)?
2
Let o(k) = 84*k - 23*k - 32*k - 27*k - 11. Determine o(6).
1
Let s(f) = -6*f - 72. Let i(z) = 1. Let r(d) = 36*i(d) + s(d). Let y be r(-7). Let g(b) = b**2 - 10*b + 8. Give g(y).
-16
Let a(n) = 4*n - 4. Let c(q) = -5*q + 2. Let o(w) = 6*a(w) + 5*c(w). Suppose 7 = -5*u - 23. What is o(u)?
-8
Suppose 48 = -3*v + 15. Let m = 10 + v. Let b(r) = 2*r**2. What is b(m)?
2
Let o(t) = 128638*t**2 - 128637*t**2 - 8*t + 3 + 0. What is o(7)?
-4
Suppose 180*o = 174*o - 42. Let a(k) be the second derivative of k**5/120 + k**4/8 + k**3/6 - k. Let t(c) be the second derivative of a(c). Determine t(o).
-4
Suppose 6*l + 0*l - 12 = 0. Let y(i) be the second derivative of i**4/3 - i**3/3 + 3*i**2/2 - i. Calculate y(l).
15
Let i(v) = 3*v**2 + 5*v - 7. Let z(d) = -d**2 - d + 3. Let m(u) = -i(u) - 2*z(u). What is m(2)?
-9
Let a(h) = h**3 + 4*h**2 - 2*h - 2. Let x = 5 + -42. Suppose 0 = 5*d - 3*s + s - 163, 4*d = s + 131. Let b = d + x. What is a(b)?
6
Let b = 1370 + -1372. Let i(f) = -4*f**2 - f. Determine i(b).
-14
Let j(a) be the third derivative of -2/3*a**3 + 1 + 0*a + 1/24*a**4 + 45*a**2. Determine j(5).
1
Let q(h) = h + 1. Let c = 23 + -24. Let r(y) = 25*y + 4. Let m(f) = c*r(f) + 5*q(f). Determine m(1).
-19
Let z(v) = 5*v**2 + 26*v - 3. Let t be 30/(-12)*(-8)/5. Suppose 0 = t*h - 14 + 2. Let u(g) = 2*g**2 + 9*g - 1. Let n(o) = h*z(o) - 8*u(o). Calculate n(3).
8
Let w(d) = d**3 - d**2 - 4*d + 3. Let x = -7 - -8. Let f be (-24)/(-6)*x - (-1 - -2). Determine w(f).
9
Let p(n) = 2*n**2. Let h = 36 + -32. Suppose -h*d = -d - 3. Give p(d).
2
Let y(g) = -2*g**3 - 2*g**2 - g + 12. Let h(z) = 3*z**2 + 111*z - z**3 + 4*z**3 - 13 - 110*z. Let n(j) = -3*h(j) - 4*y(j). Give n(0).
-9
Let x(o) = 5*o - 21. Let c(a) = -5*a + 19. Let p(j) = 5*c(j) + 4*x(j). Determine p(8).
-29
Let d = 167 - 165. Let c(j) = 4*j - d*j - 13 + 0*j - j. Calculate c(7).
-6
Let j(p) be the third derivative of -p**4/24 - 5*p**3/3 - 2*p**2 - 75*p. Give j(-13).
3
Let z(q) = q**2 - 7*q + 5. Let n(t) = 2*t. Let w(x) = 3*n(x) + z(x). What is w(5)?
25
Suppose 5*w - 6 = 3*z, z - 2*w = -4*z + 9. Suppose -5*i = -2*o - 7, 2*i = -z*o - 3*i + 27. Let y(h) = -1 - o*h + 0*h**2 + h**2 + 0 - 2*h**2. What is y(-4)?
-1
Let g = 96 + -575/6. Let a(q) be the third derivative of 1/120*q**6 + 1/2*q**3 - g*q**4 - 1/20*q**5 + 0 + 4*q**2 + 0*q. Determine a(4).
3
Suppose 33 = 12*d - 3. Let f(z) = 6*z - 1. Let k(y) = y + 1. Let a(u) = -f(u) + 3*k(u). What is a(d)?
-5
Let l(m) = 3*m - 5*m + 15*m - 10*m**2 - 4*m**2 + m**3 + 0*m**3. Give l(13).
0
Let x(y) be the first derivative of 20 + 2 + 0*y**2 - 2 - y**2. Give x(3).
-6
Let a(d) = -4. Let h(z) = -z. Let j(x) = -a(x) - 2*h(x). Let f(u) = 128*u + 763. Let r be f(-6). Determine j(r).
-6
Let y(s) be the second derivative of s**6/360 - s**5/30 - s**4/12 + 7*s**3/6 - 10*s + 1. Let g(x) be the third derivative of y(x). Calculate g(3).
2
Let s(x) = x - 1. Let u(b) = b**3 + 9*b**2 + 6*b - 16. Let k be u(-8). Calculate s(k).
-1
Let m(f) be the first derivative of 3/2*f**2 + 6 - f. Give m(3).
8
Let g(a) = a. Let f(x) = x + 2. Let j(u) = -2*f(u) + 6*g(u). Give j(5).
16
Let b(w) = 2*w + 19 - w + 0*w + 0*w. Let s be b(-13). Let i(d) = -d**3 + 6*d**2 - 3*d - 6. Give i(s).
-24
Suppose 0 = 710*r - 704*r - 6. Let j(n) = -n + 1. Let x be j(-3). Let s(y) = 5*y + 7*y**2 - x*y + 0*y**2. Determine s(r).
8
Let f(g) = 2*g - 4. Let i(q) = 19*q + 22. Let w(p) = -13*p - 15. Let z(d) = 5*i(d) + 7*w(d). Let a be z(-3). Calculate f(a).
-18
Let g = 85 - 40. Let h = g - 47. Let m(p) = -5*p - 2. What is m(h)?
8
Let n(j) = 11*j**3 - 4*j**2 + 7*j + 13. Let h(q) = -5*q**3 + 2*q**2 - 3*q - 6. Let v(u) = -13*h(u) - 6*n(u). Calculate v(-2).
6
Let q(y) = 2*y - 2166*y**3 + 27 - 10*y**2 - 10*y**2 + 2165*y**3. What is q(-20)?
-13
Let s(r) = r**2 - 5*r + 3. Let m(a) = -33*a. Let y be m(-1). Suppose k - 3*v = -y, -k - v = -0*v + 21. Let w = k - -27. Calculate s(w).
-3
Let g be (-148)/22 + 87/(-319). Let x(h) = -h**2 - 8*h - 4. What is x(g)?
3
Let b be 4 + -3 - (-1)/1. Let s(p) = 8*p + b*p + 0*p. Let k = 694 - 695. What is s(k)?
-10
Let r = 731 - 725. Let b(o) = -o**3 + 6*o**2 - 4*o - 7. Give b(r).
-31
Let g(p) be the first derivative of -p**3/3 - 11*p**2/2 + 2*p + 30. What is g(-12)?
-10
Let m be (1 + -1)*7/14. Suppose 5*r = -m*g - 2*g - 27, 0 = -g - r - 6. Let v be (g - 1)/((-14)/(-21)). Let c(y) = y. Calculate c(v).
-3
Let h(s) be the second derivative of s**4/24 - 10*s**3/3 + 29*s**2/2 - 19*s. Let p(f) be the first derivative of h(f). Determine p(0).
-20
Let f(b) = 3*b**2 - 1. Let s(k) = 5*k**3 - 3*k. Let o be s(2). Suppose -41*g + o*g = 7. Calculate f(g).
2
Let l = -40 + 42. Suppose -m = l*m. Let f(h) = h + 3*h - 5*h - 1. Calculate f(m).
-1
Let s = -34 + 40. Suppose -9*o + s*o = -21. Let t(g) = 1. Let n(u) = -u**3 + 6*u**2 + 8*u + 2. Let v(z) = -n(z) + 2*t(z). Calculate v(o).
-7
Let r(w) = w**3 - 4*w**2 - 13*w + 6. Let u = -146 + 152. What is r(u)?
0
Suppose 0*l + 54 = 3*v - 4*l, 5*v - 61 = -3*l. Suppose v = -5*j + 54. Let w(q) = -5 - q - j + q**2 + 2. Determine w(0).
-11
Let s(n) = 2*n**3 + 2*n - 26*n**2 + 1 + 13*n**3 + 27*n**2. Let l(t) = -t**2 - 3*t - 2. Let q be l(-3). Let i be ((-3)/(-3)*q)/2. Calculate s(i).
-15
Let z(a) = 5*a - 6. Let x(g) = 4*g - 4. Let j(t) = -4*x(t) + 3*z(t). Suppose 3 = 4*d + 15. Give j(d).
1
Let b(v) = 3*v + 10. Let q = -513 - -503. Give b(q).
-20
Let f(b) = 7*b**3 - b**2 - b + 1. Suppose 570 = -10*o + 5*o. Let n = 115 + o. Give f(n).
6
Let x(u) be the second derivative of 0 + 1/12*u**4 - 2/3*u**3 + 1/2*u**2 + 9*u. What is x(4)?
1
Let a(i) = -44*i**3 - 45*i**3 + 96*i**3 - 1. Give a(-1).
-8
Let s(v) = -v - 22. Let o = -817 - -797. Determine s(o).
-2
Let a(j) = -j + 4. Let l(n) = -3*n**2 + n + 2*n**2 - n + 3. Let d(w) = 2*a(w) - 3*l(w). What is d(-1)?
4
Suppose 9*z + 931 - 265 = 0. Let u = 79 + z. Let m(q) = q - 8. What is m(u)?
-3
Suppose -n - 3*n = 12. Let v = -118 - -106. Let u be (-2)/(-6)*(v - n). Let h(o) = -o - 3. What is h(u)?
0
Let k(d) = 38*d**2 - 1. Let b(g) = g**2 + 7*g - 31. Let f be b(3). Calculate k(f).
37
Let p(t) = 7*t**2 - 5*t + 18. Let y(z) = -3*z**2 + 2*z - 8. Let a(u) = -2*p(u) - 5*y(u). Let o(n) = -n**2 - n - 4. Let s(d) = -3*a(d) - 2*o(d). Give s(-3).
-19
Let x(u) = -u - 3. Let b = 17 + -18. Let c be 2 + b + 0 + 1. Suppose -4*o = -c*d - 22, 0 = d + 4*d + 4*o + 13. Calculate x(d).
2
Let y(g) = 31*g**2 - 7*g**2 + 4*g - 16*g**2 - 4 + g**3. Calculate y(-7).
17
Let l(w) = w**3 - 4*w**2 + w + 2. Let p be l(4). Let m(r) = -r**3 + r**2 - 1 - 11 + p. Determine m(0).
-6
Let h(t) be the second derivative of -2*t**2 + 12*t - 1/12*t**4 - 7/6*t**3 + 0. Give h(-7).
-4
Let g(k) = -k - 10. Let q be (-4)/(-6) + (-22)/(-3). Suppose 2*